et j be a(n). What is the greatest common divisor of j and 11?
11
Let u be (-4)/(68/(-273887)) - 7. What is the greatest common divisor of 22 and u?
22
Suppose -4*c - 23 - 76 = -5*s, 3*s - 3*c = 60. What is the highest common divisor of s and 2394?
19
Let q = 55 + -38. Let p(r) = 152*r**3 + r**2 - 17*r + 17. Suppose -27*d = -20*d - 7. Let a be p(d). What is the greatest common factor of q and a?
17
Let g(j) = 23*j**2 - j - 190. Let b be g(8). Calculate the highest common factor of 2366 and b.
182
Suppose -5*h - 297 = -622. Let r = h - -6. Calculate the highest common factor of r and 284.
71
Let s(z) = -2*z**3 - 4*z**2 - 13*z - 64. Let m be s(-4). Calculate the greatest common divisor of 793 and m.
13
Let y(n) = -n**3 - 21*n**2 + 9*n - 41. Let u be y(-22). Suppose 99 = -2*g + u. What is the greatest common divisor of g and 292?
73
Suppose -5*v = 2*t - 8638, 4*v - 819 - 6092 = -t. Suppose -o - 3*o = -v. Suppose -5*q - q = -o. What is the highest common factor of q and 9?
9
Suppose 596 = 38*q - 1798. Suppose -23 = -2*o - 3*f + 28, -30 = -o - 3*f. Calculate the highest common factor of o and q.
21
Let d(q) = -5*q**2 + 6*q - 2. Let v be d(2). Let w be (-186)/v + 99/(-165). What is the greatest common factor of w and 12?
6
Suppose 4*l - 7 = 13. Suppose 5 = -l*p - 2*m, p + 10*m = 6*m - 19. Let d be p + (15 - (3 - 0)). Calculate the greatest common divisor of d and 13.
13
Suppose o - 505 = -3*t, -3*o = -118*t + 114*t + 669. What is the highest common factor of t and 5460?
84
Let t be 3/(9/(-3))*(-4)/2. Suppose -3*p + 3*d = -15 - 6, -d = -t*p + 12. Suppose -p*i + 209 = -4*i. Calculate the highest common divisor of i and 19.
19
Let v(x) = -16*x - 4. Let w be v(-5). Let j = 13 - 10. Suppose 0 = -j*f + 2*u + 59, 4*f - f - 5*u - 62 = 0. Calculate the highest common factor of f and w.
19
Suppose 230*m = 226*m - 2*j + 9486, 2*m - 5*j = 4725. Calculate the highest common factor of m and 30.
30
Let d be (-4)/(-10)*27/((-324)/(-480)). What is the greatest common factor of d and 1552?
16
Let l(x) = -x + 20. Suppose 7 + 15 = r. Suppose -3*f - 2*w + r = 0, 0*f - f + 2*w = -10. Let b be l(f). Calculate the highest common divisor of b and 24.
12
Suppose 523*g - 179*g - 4047504 = 0. Calculate the highest common divisor of 666 and g.
222
Let w be 14/(2/(-6) + 1). Let t be -6 + (5 - 6/3). Let q be (t - -5)/(1/84). What is the highest common factor of w and q?
21
Suppose 2*x - 4*u + 7*u = 93, 5 = -5*u. Let a = -762 - -761. Let g(d) = -51*d - 3. Let h be g(a). What is the greatest common divisor of h and x?
48
Suppose 11*j + 22*j + 7*j - 200 = 0. What is the highest common divisor of j and 640?
5
Let g be (3/(-5))/(21/(-105)). Let t be (102/10)/(g/30). What is the greatest common divisor of t and 42?
6
Let s(h) = h**2 - 11*h + 35. Let l be s(5). Suppose -g = 5*d - 502 - 244, 0 = 3*d - l*g - 470. What is the highest common factor of 60 and d?
30
Let a(p) = p**2 - 9. Let o be a(12). Let v be 81/(-2)*88/(-66). Calculate the greatest common divisor of o and v.
27
Suppose -5*c + 2*n - 62 = 0, 2*c - n = -2*n - 23. Let a be -2 - 1*(c + -1). Suppose 703*g - 728*g = -1650. What is the greatest common divisor of a and g?
11
Let o(m) = 2*m**2 - 18*m + 12. Let q be 4/((-2)/20 - (-9)/18). Let i be o(q). Calculate the highest common factor of i and 224.
32
Let j be (273/(-70))/13 + 633/10. Let q = -23 + 23. Suppose 4*m + q*m - 36 = 0. Calculate the highest common factor of m and j.
9
Let w = -18143 + 18153. Let x = 12 + -4. Suppose -5*m = -x - 12. What is the highest common divisor of m and w?
2
Let v be 42/(((-88)/297)/(-4)). Calculate the greatest common factor of 315 and v.
63
Suppose -5*w = 5*j - 6829 + 2194, j = 2*w - 1842. Suppose 13*i + w - 4381 = 0. What is the highest common factor of i and 76?
38
Suppose u - 15 - 14 = 4*g, 48 = 2*u + 2*g. Suppose -4*d + 160 = 4*d. Calculate the highest common factor of d and u.
5
Let p be ((-4)/6 + (-4)/(-15))*-15. Let q be 104/p + 2 - 10/(-15). Let j be q - ((4 - 6) + 0). Calculate the greatest common factor of j and 33.
11
Suppose 0 = 4*g + 8, -2*g - 590 = -2*z - 204. Let s = z - 184. Calculate the highest common factor of s and 56.
7
Let i be 15/(-12) + 764752/192 - 1/(-6). Calculate the highest common divisor of i and 905.
181
Let w(n) = -3*n**3 - 17*n**2 - 27*n + 98. Let f be w(-9). Calculate the greatest common factor of 1 and f.
1
Let d = 2467 - 2037. What is the highest common factor of 10 and d?
10
Suppose -4*j + 0*j + 12 = 0, -4*h + 4*j - 24 = 0. Let d be (124/h + 8)*24/(-5). What is the greatest common factor of 5 and d?
5
Suppose 56 = 2*d + 3*v - 4*v, 2*v = -3*d + 77. Suppose -43 = -i + d. Calculate the highest common factor of i and 245.
35
Let o be -40*((-65)/70 + (-9)/(-21)). Suppose -5*q = -11 + 1. Let b be 1/(-1)*-2*q. Calculate the greatest common divisor of b and o.
4
Suppose -7*l = 2*l + 4*l. Suppose -2*b + 222 = -4*y, b = -l*b - 4*y + 93. Calculate the highest common divisor of b and 60.
15
Suppose -2*z + 5*z + 18*z = 4557. Calculate the highest common factor of 17143 and z.
217
Let p(o) = -8*o - 25. Suppose -10*r = -7*r + 9. Let f be p(r). Let m be (5 - 3)*(1 - 15/f). What is the greatest common divisor of m and 4?
4
Let m be (-16 - (-18 + 26))*18/(-8). Let v = -22 - -103. Calculate the greatest common factor of m and v.
27
Suppose 514*p - 520*p + 162 = 0. Let n = 245 + -110. Calculate the highest common divisor of p and n.
27
Let z be (-2)/(-7) + (-6)/21. Suppose -2*u = c + 2, z = -4*c + 2*c - u + 2. Suppose -3275 - 1429 = -294*a. What is the highest common factor of a and c?
2
Let k be (0 + -4 + 6/2)*-3. Suppose -3*v = -7*v + 5*p + 1145, 0 = 3*p + k. What is the highest common factor of 38 and v?
19
Let c(i) = -124*i - 610. Let j be c(-5). Calculate the greatest common factor of 5520 and j.
10
Let a(d) = -d**2 + 7*d + 24. Let m be a(8). Suppose -3*k + 1388 = f, 12*k = 10*k - f + 924. Calculate the highest common factor of m and k.
16
Let n(z) = 2*z**2 - 8*z + 7. Let b be n(3). Let j be 1/((1 - 4/6)*b). Suppose -j*d - 6*d + 27 = 0. Calculate the highest common divisor of 3 and d.
3
Suppose -4*o - 9784 = -843*u + 841*u, 0 = 3*u - o - 14661. Calculate the highest common factor of 56 and u.
14
Let i = 18277 - 16847. What is the greatest common factor of i and 330?
110
Let y(u) = -u**3 + 12*u**2 + 51*u - 6. Let a be y(15). Suppose -92*l + a*l + 520 = 0. Let i = 55 + -29. Calculate the highest common factor of i and l.
13
Suppose 5*n - 5*l - 215 = 0, n + 3*l - 111 = -n. Suppose 8*q + 264 = 2*q. Let f = n + q. Calculate the highest common divisor of 36 and f.
4
Let n = -61 - -66. Suppose -5*x = -4*y + 11, -3*y + 7 = -n*y + 5*x. Calculate the highest common divisor of 153 and y.
9
Let d(z) = 2*z**3 + z + 39786 - 20*z**2 - 4*z - 39773. Let s be d(11). Calculate the greatest common factor of 777 and s.
111
Let p(r) = 5*r + 1. Let o(m) = m**2 + 4*m - 3. Let l be o(-5). Let n be p(l). Suppose -754 + 715 = -39*c. What is the greatest common factor of c and n?
1
Let y be (-1)/(-2) + ((-2)/(-5))/((-124)/(-11005)). Suppose 0 = 4*o - 3*o - 8. Let g be (-109)/(-2) - 4/o. What is the greatest common factor of g and y?
18
Let w = -380 - -404. Calculate the greatest common divisor of 216 and w.
24
Let l be 916/28 + ((-19)/7 - -3). Let g be (-6)/(-2) - 2/(-2). Suppose -g*t + 20 = 4, 5*n = -2*t + 118. Calculate the greatest common factor of l and n.
11
Let s be (-1)/((-28)/496) - (-6)/(-84)*-4. What is the greatest common divisor of 5580 and s?
18
Let w be (-5)/30*-4*270. Let l(g) = -g**3 - 6*g**2 + 2*g + 12. Let d be l(-5). Let r = d + 43. Calculate the highest common divisor of r and w.
20
Let d(b) = 395*b**3 - 3*b**2 + 6*b - 4. Let f be d(2). Calculate the highest common divisor of f and 12.
12
Suppose p + 5 = 0, -2*s - 6*p + 10 = -8*p. Suppose -6*n = -s*n + 138. Let o = 19 - n. Calculate the highest common factor of 6 and o.
6
Suppose -694 = -10*z - 134. Suppose -5*b + b = -44. Suppose -y - 4*t + b = 1, y + 2*t - 12 = 0. What is the greatest common factor of z and y?
14
Suppose 0 = -37*c + 5*c + 1600. Suppose 0 = k - 4*v - 46, 5*k - 3*k + 3*v = 59. Suppose k = 2*y + 14. What is the greatest common divisor of c and y?
10
Let y(b) = -44*b + 490. Let w be y(11). What is the greatest common factor of w and 274?
2
Let h = 723 - 706. Sup